{"id":4349,"date":"2016-07-21T21:47:35","date_gmt":"2016-07-21T19:47:35","guid":{"rendered":"http:\/\/en.ish.si\/page\/?page_id=4349"},"modified":"2024-05-13T11:31:04","modified_gmt":"2024-05-13T09:31:04","slug":"ameu-institutum-studiorum-humanitatis-fakulteta-za-podiplomski-humanisticni-studij-ljubljana","status":"publish","type":"page","link":"https:\/\/en.ish.si\/?page_id=4349","title":{"rendered":"Faculty"},"content":{"rendered":"[vc_row][vc_column][vc_column_text]\n<h3><strong>Humanities \u2013undergraduate study programme (1st Bologna cycle)<\/strong><\/h3>\n<table width=\"601\">\n<tbody>\n<tr>\n<td width=\"164\"><strong>SURNAME<\/strong><\/td>\n<td width=\"118\"><strong>N<\/strong><strong>AME<\/strong><\/td>\n<td width=\"319\"><strong>E-MAIL<\/strong><\/td>\n<\/tr>\n<tr>\n<td width=\"164\">Gru\u0161ovnik<\/td>\n<td width=\"118\">Toma\u017e<\/td>\n<td width=\"319\"><a href=\"mailto:tomaz_grusovnik@yahoo.com\">tomaz_grusovnik@yahoo.com<\/a><\/td>\n<\/tr>\n<tr>\n<td width=\"164\">Andrej\u010d<\/td>\n<td width=\"118\">Gorazd<\/td>\n<td width=\"319\"><a href=\"mailto:gorazdeo@gmail.com\">gorazdeo@gmail.com<\/a><\/td>\n<\/tr>\n<tr>\n<td width=\"164\">\u0160kof<\/td>\n<td width=\"118\">Lenart<\/td>\n<td width=\"319\"><a href=\"mailto:lenart.skof@guest.arnes.si\">lenart.skof@guest.arnes.si<\/a><\/td>\n<\/tr>\n<tr>\n<td width=\"164\">Pirc<\/td>\n<td width=\"118\">Ga\u0161per<\/td>\n<td width=\"319\"><a href=\"mailto:gpirc.af@gmail.com\">gpirc.af@gmail.com<\/a><\/td>\n<\/tr>\n<tr>\n<td width=\"164\">Motoh<\/td>\n<td width=\"118\">Helena<\/td>\n<td width=\"319\"><a href=\"mailto:helena.motoh@zrs-kp.si\">helena.motoh@zrs-kp.si<\/a><\/td>\n<\/tr>\n<tr>\n<td width=\"164\">Furlan \u0160tante<\/td>\n<td width=\"118\">Nadja<\/td>\n<td width=\"319\"><a href=\"mailto:nadja.furlan@zrs-kp.si\">nadja.furlan@zrs-kp.si<\/a><\/td>\n<\/tr>\n<tr>\n<td width=\"164\">Adam<\/td>\n<td width=\"118\">Alja<\/td>\n<td width=\"319\"><a href=\"mailto:adamalja@hotmail.com\">adamalja@hotmail.com<\/a><\/td>\n<\/tr>\n<tr>\n<td width=\"164\">Svetli\u010d<\/td>\n<td width=\"118\">Rok<\/td>\n<td width=\"319\"><a href=\"mailto:rok.svetlic@guest.arnes.si\">rok.svetlic@guest.arnes.si<\/a><\/td>\n<\/tr>\n<tr>\n<td width=\"164\">Zajc<\/td>\n<td width=\"118\">Melita<\/td>\n<td width=\"319\"><a href=\"mailto:melita.zajc@gmail.com\">melita.zajc@gmail.com<\/a><\/td>\n<\/tr>\n<tr>\n<td width=\"164\">Mlinar<\/td>\n<td width=\"118\">Anton<\/td>\n<td width=\"319\"><a href=\"mailto:anton.mlinar@guest.arnes.si\">anton.mlinar@guest.arnes.si<\/a><\/td>\n<\/tr>\n<\/tbody>\n<\/table>\n[\/vc_column_text][vc_column_text]\n<h3><strong>Humanities \u2013 Master study programme (2nd Bologny cycle)<\/strong><\/h3>\n<table width=\"601\">\n<tbody>\n<tr>\n<td width=\"164\"><strong>SURNAME<\/strong><\/td>\n<td width=\"118\"><strong>N<\/strong><strong>AME<\/strong><\/td>\n<td width=\"319\"><strong>E-MAIL<\/strong><\/td>\n<\/tr>\n<tr>\n<td width=\"164\">\u0160trajn<\/td>\n<td width=\"118\">Darko<\/td>\n<td width=\"319\"><a href=\"mailto:darko.strajn@guest.arnes.si\">darko.strajn@guest.arnes.si<\/a><\/td>\n<\/tr>\n<tr>\n<td width=\"164\">\u0160kof<\/td>\n<td width=\"118\">Lenart<\/td>\n<td width=\"319\"><a href=\"mailto:lenart.skof@guest.arnes.si\">lenart.skof@guest.arnes.si<\/a><\/td>\n<\/tr>\n<tr>\n<td width=\"164\">Gumze<\/td>\n<td width=\"118\">Goran<\/td>\n<td width=\"319\"><a href=\"mailto:goran.gumze@almamater.si\">goran.gumze@almamater.si<\/a><\/td>\n<\/tr>\n<tr>\n<td width=\"164\">Furlan \u0160tante<\/td>\n<td width=\"118\">Nadja<\/td>\n<td width=\"319\"><a href=\"mailto:nadja.furlan@zrs-kp.si\">nadja.furlan@zrs-kp.si<\/a><\/td>\n<\/tr>\n<tr>\n<td width=\"164\">Adam<\/td>\n<td width=\"118\">Alja<\/td>\n<td width=\"319\"><a href=\"mailto:adamalja@hotmail.com\">adamalja@hotmail.com<\/a><\/td>\n<\/tr>\n<tr>\n<td width=\"164\">Grdina<\/td>\n<td width=\"118\">Igor<\/td>\n<td width=\"319\"><a href=\"mailto:grdina_igor@siol.net\">grdina_igor@siol.net<\/a><\/td>\n<\/tr>\n<tr>\n<td width=\"164\">Puncer<\/td>\n<td width=\"118\">Mojca<\/td>\n<td width=\"319\"><a href=\"mailto:mojca.puncer@gmail.com\">mojca.puncer@gmail.com<\/a><\/td>\n<\/tr>\n<tr>\n<td width=\"164\">Om<\/td>\n<td width=\"118\">Prakash Dwivedi<\/td>\n<td width=\"319\"><\/td>\n<\/tr>\n<\/tbody>\n<\/table>\n[\/vc_column_text][vc_column_text]\n<h3><strong>Humanities \u2013 doctoral study programme (3rd Bologna cycle)<\/strong><\/h3>\n<p>&nbsp;<\/p>\n<table width=\"601\">\n<tbody>\n<tr>\n<td width=\"164\"><strong>S<\/strong><strong>URNAME<\/strong><\/td>\n<td width=\"118\"><strong>N<\/strong><strong>AME<\/strong><\/td>\n<td width=\"319\"><strong>E-MAIL<\/strong><\/td>\n<\/tr>\n<tr>\n<td width=\"164\">\u0160kof<\/td>\n<td width=\"118\">Lenart<\/td>\n<td width=\"319\"><a href=\"mailto:lenart.skof@guest.arnes.si\">lenart.skof@guest.arnes.si<\/a><\/td>\n<\/tr>\n<tr>\n<td width=\"164\">Svetli\u010d<\/td>\n<td width=\"118\">Rok<\/td>\n<td width=\"319\"><a href=\"mailto:rok.svetlic@guest.arnes.si\">rok.svetlic@guest.arnes.si<\/a><\/td>\n<\/tr>\n<tr>\n<td width=\"164\">\u0160trajn<\/td>\n<td width=\"118\">Darko<\/td>\n<td width=\"319\"><a href=\"mailto:darko.strajn@guest.arnes.si\">darko.strajn@guest.arnes.si<\/a><\/td>\n<\/tr>\n<tr>\n<td width=\"164\">Kristovi\u010d<\/td>\n<td width=\"118\">Sebastjan<\/td>\n<td width=\"319\"><a href=\"mailto:sebastjan.kristovic@almamater.si\">sebastjan.kristovic@almamater.si<\/a><\/td>\n<\/tr>\n<tr>\n<td width=\"164\">Gumze<\/td>\n<td width=\"118\">Goran<\/td>\n<td width=\"319\"><a href=\"mailto:goran.gumze@almamater.si\">goran.gumze@almamater.si<\/a><\/td>\n<\/tr>\n<tr>\n<td width=\"164\">Furlan \u0160tante<\/td>\n<td width=\"118\">Nadja<\/td>\n<td width=\"319\"><a href=\"mailto:nadja.furlan@zrs-kp.si\">nadja.furlan@zrs-kp.si<\/a><\/td>\n<\/tr>\n<tr>\n<td width=\"164\">Grdina<\/td>\n<td width=\"118\">Igor<\/td>\n<td width=\"319\"><a href=\"mailto:grdina_igor@siol.net\">grdina_igor@siol.net<\/a><\/td>\n<\/tr>\n<tr>\n<td width=\"164\">Ram\u0161ak<\/td>\n<td width=\"118\">Mojca<\/td>\n<td width=\"319\"><a href=\"mailto:mojca.ramsak@guest.arnes.si\">mojca.ramsak@guest.arnes.si<\/a><\/td>\n<\/tr>\n<tr>\n<td width=\"164\">Marin<\/td>\n<td width=\"118\">Emilio<\/td>\n<td width=\"319\"><a href=\"mailto:marin_emilio@yahoo.com\">marin_emilio@yahoo.com<\/a><\/td>\n<\/tr>\n<tr>\n<td width=\"164\">Om<\/td>\n<td width=\"118\">Prakash Dwivedi<\/td>\n<td width=\"319\"><\/td>\n<\/tr>\n<\/tbody>\n<\/table>\n[\/vc_column_text][\/vc_column][\/vc_row]\n","protected":false},"excerpt":{"rendered":"<p>[vc_row][vc_column][vc_column_text] Humanities \u2013undergraduate study programme (1st Bologna cycle) SURNAME NAME E-MAIL Gru\u0161ovnik Toma\u017e tomaz_grusovnik@yahoo.com Andrej\u010d Gorazd gorazdeo@gmail.com \u0160kof Lenart lenart.skof@guest.arnes.si Pirc Ga\u0161per gpirc.af@gmail.com Motoh Helena helena.motoh@zrs-kp.si Furlan \u0160tante Nadja nadja.furlan@zrs-kp.si Adam Alja adamalja@hotmail.com Svetli\u010d Rok rok.svetlic@guest.arnes.si Zajc Melita melita.zajc@gmail.com Mlinar Anton anton.mlinar@guest.arnes.si [\/vc_column_text][vc_column_text] Humanities \u2013 Master study programme (2nd Bologny cycle) SURNAME NAME E-MAIL \u0160trajn [&hellip;]<\/p>\n","protected":false},"author":1,"featured_media":0,"parent":0,"menu_order":0,"comment_status":"closed","ping_status":"closed","template":"","meta":{"footnotes":""},"_links":{"self":[{"href":"https:\/\/en.ish.si\/index.php?rest_route=\/wp\/v2\/pages\/4349"}],"collection":[{"href":"https:\/\/en.ish.si\/index.php?rest_route=\/wp\/v2\/pages"}],"about":[{"href":"https:\/\/en.ish.si\/index.php?rest_route=\/wp\/v2\/types\/page"}],"author":[{"embeddable":true,"href":"https:\/\/en.ish.si\/index.php?rest_route=\/wp\/v2\/users\/1"}],"replies":[{"embeddable":true,"href":"https:\/\/en.ish.si\/index.php?rest_route=%2Fwp%2Fv2%2Fcomments&post=4349"}],"version-history":[{"count":28,"href":"https:\/\/en.ish.si\/index.php?rest_route=\/wp\/v2\/pages\/4349\/revisions"}],"predecessor-version":[{"id":5736,"href":"https:\/\/en.ish.si\/index.php?rest_route=\/wp\/v2\/pages\/4349\/revisions\/5736"}],"wp:attachment":[{"href":"https:\/\/en.ish.si\/index.php?rest_route=%2Fwp%2Fv2%2Fmedia&parent=4349"}],"curies":[{"name":"wp","href":"https:\/\/api.w.org\/{rel}","templated":true}]}}