{"id":3260,"date":"2016-06-21T08:03:38","date_gmt":"2016-06-21T07:03:38","guid":{"rendered":"http:\/\/en.ish.si\/page\/?page_id=3260"},"modified":"2019-06-10T15:07:06","modified_gmt":"2019-06-10T13:07:06","slug":"studijski-obrazci-navodila-in-pravilniki","status":"publish","type":"page","link":"https:\/\/en.ish.si\/?page_id=3260","title":{"rendered":"Study forms, Guidelines and Policies"},"content":{"rendered":"[vc_row][vc_column]    \t<div id=\"un-icon-box-1\" class=\"media un-icon-box  \" data-delay=0>\r\n            <div class=\"pull-left\">\r\n            \t                <div class=\"un-icon\">\r\n                \t<i class=\"fa fa-download \"><\/i>\r\n                <\/div>\r\n                            <\/div>\r\n            <div class=\"media-body \">\r\n                <h4 class=\"media-heading\">Bolonjski \u0161tudijski programi<\/h4><p>Pravilniki o bolonjskih \u0161tudijskih programih.<\/p>            <\/div>\r\n        <\/div>\r\n\t\t\t<style scoped=\"scoped\">\r\n        #un-icon-box-1 .un-icon{ background: #00386c}        <\/style>\r\n    [\/vc_column][\/vc_row][vc_row][vc_column][vc_column_text]\n<ul>\n<li><a href=\"http:\/\/en.ish.si\/\/wp-content\/uploads\/2016\/06\/Pravilnik-o-\u0161tudiju-na-2.-stopnji-ISH.pdf\" target=\"_blank\" rel=\"noopener noreferrer\">Pravilnik o \u0161tudiju na 2. stopnji AMEU ISH<\/a><\/li>\n<li><a href=\"http:\/\/en.ish.si\/wp-content\/uploads\/2016\/06\/Pravilnik-o-\u0161tudiju-na-3.-stopnji-ISH_ANG.pdf\">Pravilnik o \u0161tudiju na 3. stopnji AMEU ISH<\/a><\/li>\n<li><a href=\"http:\/\/en.ish.si\/wp-content\/uploads\/2016\/06\/ad9-PRAVILNIK-O-IZVAJANJU-SND-AMEU-ISH-januar-2017-final.pdf\" target=\"_blank\" rel=\"noopener noreferrer\">Pravilnik o izvajanju \u0161tudija na daljavo AMEU ISH<\/a><\/li>\n<\/ul>\n[\/vc_column_text][\/vc_column][\/vc_row][vc_row][vc_column][vc_separator][\/vc_column][\/vc_row][vc_row][vc_column]    \t<div id=\"un-icon-box-2\" class=\"media un-icon-box  \" data-delay=0>\r\n            <div class=\"pull-left\">\r\n            \t                <div class=\"un-icon\">\r\n                \t<i class=\"fa fa-download\"><\/i>\r\n                <\/div>\r\n                            <\/div>\r\n            <div class=\"media-body \">\r\n                <h4 class=\"media-heading\">Predbolonjski \u0161tudijski programi<\/h4><p>Pravilniki o predbolonjskih \u0161tudijskih programih.<\/p>            <\/div>\r\n        <\/div>\r\n\t\t\t<style scoped=\"scoped\">\r\n        #un-icon-box-2 .un-icon{ background: #00386c}        <\/style>\r\n    [\/vc_column][\/vc_row][vc_row][vc_column][vc_column_text]\n<ul>\n<li><a href=\"http:\/\/en.ish.si\/\/wp-content\/uploads\/2016\/06\/Pravilnik-o-magistrskem-in-specialisti\u010dnem-\u0161tudiju-ISH-predbolonjski.pdf\" target=\"_blank\" rel=\"noopener noreferrer\">Pravilnik o magistrskem in specialisti\u010dnem \u0161tudiju\u00a0Institutum Studiorum Humanitatis (predbolonjski)<\/a><\/li>\n<li><a href=\"http:\/\/en.ish.si\/\/wp-content\/uploads\/2016\/06\/Pravilnik-o-doktorskem-\u0161tudiju-ISH-predbolonjski.pdf\" target=\"_blank\" rel=\"noopener noreferrer\">Pravilnik o doktorskem \u0161tudiju\u00a0Institutum Studiorum Humanitatis (predbolonjski)<\/a><\/li>\n<li><a href=\"http:\/\/en.ish.si\/\/wp-content\/uploads\/2016\/06\/Pravila-dokon\u010danja-podiplomskega-\u0161tudija-na-AMEU-ISH-pred-bolonjskim-sistemom-senat-08.06.2015.pdf\" target=\"_blank\" rel=\"noopener noreferrer\">Pravila dokon\u010danja podiplomskega \u0161tudija na AMEU-ISH (pred bolonjskim sistemom)<\/a><\/li>\n<\/ul>\n[\/vc_column_text][vc_separator]    \t<div id=\"un-icon-box-3\" class=\"media un-icon-box  \" data-delay=0>\r\n            <div class=\"pull-left\">\r\n            \t                <div class=\"un-icon\">\r\n                \t<i class=\"fa fa-download\"><\/i>\r\n                <\/div>\r\n                            <\/div>\r\n            <div class=\"media-body \">\r\n                <h4 class=\"media-heading\">\u0160tudijski obrazci<\/h4><p>Obrazci in navodila.<\/p>            <\/div>\r\n        <\/div>\r\n\t\t\t<style scoped=\"scoped\">\r\n        #un-icon-box-3 .un-icon{ background: #00386c}        <\/style>\r\n    [vc_column_text]\n<ul>\n<li><a href=\"http:\/\/en.ish.si\/\/wp-content\/uploads\/2016\/06\/Obrazec-Prijava-teme-doktorske-teze.pdf\" target=\"_blank\" rel=\"noopener noreferrer\">Obrazec &#8211; Prijava teme doktorske teze<\/a><\/li>\n<li><a href=\"http:\/\/en.ish.si\/\/wp-content\/uploads\/2016\/06\/Obrazec-Prijava-teme-magistrske-teze.pdf\" target=\"_blank\" rel=\"noopener noreferrer\">Obrazec &#8211; Prijava teme magistrske teze<\/a><\/li>\n<li><a href=\"http:\/\/en.ish.si\/\/wp-content\/uploads\/2016\/06\/Obrazec-Vloga-za-zamenjavo-mentorja-doktorske-disertacije-KZRD.pdf\" target=\"_blank\" rel=\"noopener noreferrer\">Obrazec &#8211; Vloga za zamenjavo mentorja doktorske disertacije<\/a><\/li>\n<li><a href=\"http:\/\/en.ish.si\/\/wp-content\/uploads\/2016\/06\/Navodila-za-izdelavo-seminarske-naloge-ISH.pdf\" target=\"_blank\" rel=\"noopener noreferrer\">Navodila za izdelavo seminarske naloge Institutum Studiorum Humanitatis<\/a><\/li>\n<li><a href=\"http:\/\/en.ish.si\/\/wp-content\/uploads\/2016\/06\/Navodila-za-urejanje-magistrskih-nalog-in-doktorskih-disertacij-ISH1.pdf\" target=\"_blank\" rel=\"noopener noreferrer\">Navodila za urejanje magistrskih nalog in doktorskih disertacij Institutum Studiorum Humanitatis<\/a><\/li>\n<\/ul>\n[\/vc_column_text][vc_separator]    \t<div id=\"un-icon-box-4\" class=\"media un-icon-box  \" data-delay=0>\r\n            <div class=\"pull-left\">\r\n            \t                <div class=\"un-icon\">\r\n                \t<i class=\"fa fa-download\"><\/i>\r\n                <\/div>\r\n                            <\/div>\r\n            <div class=\"media-body \">\r\n                <h4 class=\"media-heading\">Drugo<\/h4><p>Dokumentacija Institutum Studiorum Humanitatis.<\/p>            <\/div>\r\n        <\/div>\r\n\t\t\t<style scoped=\"scoped\">\r\n        #un-icon-box-4 .un-icon{ background: #00386c}        <\/style>\r\n    [vc_column_text]\n<ul>\n<li><span style=\"color: #000000;\"><a style=\"color: #000000;\" href=\"http:\/\/en.ish.si\/\/wp-content\/uploads\/2016\/06\/2014-05-30-Statut-AMEU-ISH-fakulteta-final.pdf\" target=\"_blank\" rel=\"noopener noreferrer\">Statut ALMA MATER EUROPAEA &#8211; INSTITUTUM STUDIORUM HUMANITATIS FAKULTETE ZA PODIPLOMSKI HUMANISTI\u010cNI \u0160TUDIJ<\/a><\/span><\/li>\n<li><span style=\"color: #000000;\"><a style=\"color: #000000;\" href=\"http:\/\/en.ish.si\/\/wp-content\/uploads\/2016\/06\/odloc\u030cba-o-akreditaciji-Humnistic\u030cne-znanosti-MAG-24.4.2012.pdf\" target=\"_blank\" rel=\"noopener noreferrer\">Odlo\u010dba o akreditaciji MAG<\/a><\/span><\/li>\n<li><span style=\"color: #000000;\"><a style=\"color: #000000;\" href=\"http:\/\/en.ish.si\/\/wp-content\/uploads\/2016\/06\/odloc\u030cba-o-akreditaciji-Humnistic\u030cne-znanosti-DR-24.4.2012.pdf\" target=\"_blank\" rel=\"noopener noreferrer\">Odlo\u010dba o akreditaciji doktorskega programa tretje stopnje &#8220;Humanisti\u010dne znanosti&#8221;<\/a><\/span><\/li>\n<li><span style=\"color: #000000;\"><a style=\"color: #000000;\" href=\"http:\/\/en.ish.si\/wp-content\/uploads\/2016\/06\/Merila-za-volitve-v-nazive-ISH-2017.pdf\">Merila za volitve v nazive AMEU ISH<\/a> (<a style=\"color: #000000;\" href=\"http:\/\/en.ish.si\/wp-content\/uploads\/2018\/12\/merila-za-volitve-v-nazive-ish-27-clen.pdf\">Dopolnilo 1<\/a>)<\/span><\/li>\n<li><span style=\"color: #000000;\"><a style=\"color: #000000;\" href=\"http:\/\/en.ish.si\/wp-content\/uploads\/2016\/06\/Priloga-1-Zahtevnejsi-pogoji-ISH-umetnost.pdf\">Priloga 1 &#8211; Zahtevnejsi pogoji ISH umetnost<\/a><\/span><\/li>\n<li><span style=\"color: #000000;\"><a style=\"color: #000000;\" href=\"http:\/\/en.ish.si\/wp-content\/uploads\/2016\/06\/Predloga-vloge-Asistent-ISH.docx\">Predloga vloge &#8211; Asistent ISH<\/a><\/span><\/li>\n<li><span style=\"color: #000000;\"><a style=\"color: #000000;\" href=\"http:\/\/en.ish.si\/wp-content\/uploads\/2016\/06\/Predloga-vloge-Docent-ISH.docx\">Predloga vloge &#8211; Docent ISH<\/a><\/span><\/li>\n<li><span style=\"color: #000000;\"><a style=\"color: #000000;\" href=\"http:\/\/en.ish.si\/wp-content\/uploads\/2016\/06\/Predloga-vloge-Izredni-profesor-ISH.docx\">Predloga vloge &#8211; Izredni profesor ISH<\/a><\/span><\/li>\n<li><span style=\"color: #000000;\"><a style=\"color: #000000;\" href=\"http:\/\/en.ish.si\/wp-content\/uploads\/2016\/06\/Predloga-vloge-Redni-profesor-ISH.docx\">Predloga vloge &#8211; Redni profesor ISH<\/a><\/span><\/li>\n<\/ul>\n[\/vc_column_text][\/vc_column][\/vc_row]\n","protected":false},"excerpt":{"rendered":"<p>[vc_row][vc_column][\/vc_column][\/vc_row][vc_row][vc_column][vc_column_text] Pravilnik o \u0161tudiju na 2. stopnji AMEU ISH Pravilnik o \u0161tudiju na 3. stopnji AMEU ISH Pravilnik o izvajanju \u0161tudija na daljavo AMEU ISH [\/vc_column_text][\/vc_column][\/vc_row][vc_row][vc_column][vc_separator][\/vc_column][\/vc_row][vc_row][vc_column][\/vc_column][\/vc_row][vc_row][vc_column][vc_column_text] Pravilnik o magistrskem in specialisti\u010dnem \u0161tudiju\u00a0Institutum Studiorum Humanitatis (predbolonjski) Pravilnik o doktorskem \u0161tudiju\u00a0Institutum Studiorum Humanitatis (predbolonjski) Pravila dokon\u010danja podiplomskega \u0161tudija na AMEU-ISH (pred bolonjskim sistemom) [\/vc_column_text][vc_separator][vc_column_text] Obrazec &#8211; Prijava [&hellip;]<\/p>\n","protected":false},"author":1,"featured_media":0,"parent":3506,"menu_order":0,"comment_status":"closed","ping_status":"closed","template":"","meta":{"footnotes":""},"_links":{"self":[{"href":"https:\/\/en.ish.si\/index.php?rest_route=\/wp\/v2\/pages\/3260"}],"collection":[{"href":"https:\/\/en.ish.si\/index.php?rest_route=\/wp\/v2\/pages"}],"about":[{"href":"https:\/\/en.ish.si\/index.php?rest_route=\/wp\/v2\/types\/page"}],"author":[{"embeddable":true,"href":"https:\/\/en.ish.si\/index.php?rest_route=\/wp\/v2\/users\/1"}],"replies":[{"embeddable":true,"href":"https:\/\/en.ish.si\/index.php?rest_route=%2Fwp%2Fv2%2Fcomments&post=3260"}],"version-history":[{"count":31,"href":"https:\/\/en.ish.si\/index.php?rest_route=\/wp\/v2\/pages\/3260\/revisions"}],"predecessor-version":[{"id":5510,"href":"https:\/\/en.ish.si\/index.php?rest_route=\/wp\/v2\/pages\/3260\/revisions\/5510"}],"up":[{"embeddable":true,"href":"https:\/\/en.ish.si\/index.php?rest_route=\/wp\/v2\/pages\/3506"}],"wp:attachment":[{"href":"https:\/\/en.ish.si\/index.php?rest_route=%2Fwp%2Fv2%2Fmedia&parent=3260"}],"curies":[{"name":"wp","href":"https:\/\/api.w.org\/{rel}","templated":true}]}}